*a**2 - 466*a + 897. Determine z(2).
469
Let r(d) = -d**3 + 84*d**2 + 159*d - 34. Give r(86).
-1152
Let i(a) = 3397*a - 176653. Give i(52).
-9
Let z(b) = -2*b**2 + 390*b - 1259. Determine z(184).
2789
Let z(j) = 75*j + 2880. Determine z(-39).
-45
Let z(l) = 22*l**3 + 2219*l**2 - 3*l + 30299. What is z(-101)?
-1
Let w(c) = 6*c**2 - 573*c - 15536. Give w(-22).
-26
Let c(x) = x**3 - 18*x**2 - 170*x + 455. Determine c(24).
-169
Let i(t) = -40*t**3 + 100*t**2 + 156*t - 97. Determine i(-2).
311
Let s(w) = -518*w + 41453. Determine s(80).
13
Let c(w) = -3*w**3 - 600*w**2 + 508*w - 19105. Calculate c(-201).
-10
Let p(k) = k**3 + 19*k**2 + 11*k + 939. What is p(-16)?
1531
Let w(d) = 1237*d**2 - 4865*d - 339. Calculate w(4).
-7
Let r(w) = 2088*w + 1256758. What is r(-602)?
-218
Let s(p) = -990*p + 35594. Determine s(36).
-46
Let t(b) = b**2 - 601*b + 41623. Give t(80).
-57
Let r(c) = 4*c**3 + 2*c**2 + 48*c + 13. Calculate r(6).
1237
Let c(h) = 307*h**2 + 51*h - 149. Calculate c(2).
1181
Let j(s) = 3*s**2 - 7961*s + 565161. Calculate j(73).
-5
Let v(b) = 453*b - 115939. Give v(257).
482
Let n(p) = -p**3 - 56*p**2 + 48*p - 206. Determine n(-57).
307
Let w(j) = 31*j**2 - 649*j + 101. Calculate w(19).
-1039
Let g(v) = -1722*v - 6963. What is g(-4)?
-75
Let m(c) = c**3 + 619*c**2 + 68072*c + 554. Determine m(-143).
-18
Let o(a) = 101*a**2 + 1727*a + 121. Determine o(-17).
-49
Let u(c) = 40*c**3 + 141*c**2 + 80*c + 5. Determine u(-1).
26
Let k(t) = -55538*t + 55469. Calculate k(1).
-69
Let u(c) = -c**3 - 72*c**2 - 726*c - 208. Give u(-60).
152
Let g(q) = 27*q**2 - 1905*q + 11233. Calculate g(64).
-95
Let i(q) = q**3 - 15*q**2 + 1228*q - 30401. Determine i(22).
3
Let a(v) = 18*v + 602. Give a(24).
1034
Let c(t) = -10*t**3 + 3*t**2 + 28*t + 94. Determine c(-5).
1279
Let m(w) = 683*w + 4107. Determine m(-5).
692
Let q(v) = -36975*v**2 - 73972*v - 36. What is q(-2)?
8
Let m(f) = -f**3 - 486*f**2 - 1482*f - 15938. What is m(-483)?
1
Let c(n) = 2*n**3 - 520*n**2 - 491*n - 8097. Calculate c(261).
-6
Let b(p) = -5*p**2 + 2112*p - 19406. Calculate b(413).
5
Let r(d) = 8*d**2 - 3533*d - 4866. Calculate r(443).
7
Let m(x) = -8*x**2 + 20580*x - 61647. Give m(3).
21
Let p(l) = 175*l**2 - 4386*l + 287. Determine p(25).
12
Let a(n) = -6629*n + 205735. Give a(31).
236
Let w(y) = -4*y**3 + 9*y**2 + 14*y - 27. Determine w(2).
5
Let i(t) = t**2 + 2139*t - 254470. Calculate i(113).
6
Let y(d) = -3*d**3 + 38*d**2 + 144*d - 106. Determine y(-4).
118
Let l(w) = -63*w**2 - 130*w - 176. What is l(-1)?
-109
Let i(h) = h**3 + 9*h**2 - 218*h - 229. Determine i(-24).
-3637
Let k(a) = -1812*a + 43189. Give k(24).
-299
Let a(i) = -2*i**3 + 12*i**2 - 121*i + 434. What is a(4)?
14
Let x(f) = 5*f**3 - 129*f**2 - 256*f - 10. What is x(-2)?
-54
Let g(h) = 55*h**3 + 551*h**2 + 20. Determine g(-10).
120
Let f(a) = -4179*a - 45978. Give f(-11).
-9
Let t(s) = -1376*s**2 + 30*s + 30. Give t(-1).
-1376
Let s(z) = -76142*z + 1675092. Calculate s(22).
-32
Let s(c) = 12*c**2 + 6083*c - 100944. Determine s(-523).
-5
Let v(u) = 46497*u - 15623021. Calculate v(336).
-29
Let w(v) = 149*v**3 + 2385*v**2 + 25*v + 94. What is w(-16)?
-50
Let f(y) = y**3 + 36*y**2 - 1797*y + 141. What is f(28)?
1
Let h(i) = i**3 - 325*i**2 - 1660*i + 3252. Determine h(330).
-48
Let u(l) = 135395*l - 11508572. What is u(85)?
3
Let v(f) = f**3 + 55*f**2 + 352*f + 1014. Calculate v(-49).
-1828
Let o(h) = -h**3 - 4*h**2 - 20*h - 6. Determine o(8).
-934
Let p(h) = -9*h**2 + 218*h - 1078. Give p(7).
7
Let p(f) = -267*f**2 + 4094*f - 5001. Give p(14).
-17
Let v(s) = 2*s**2 - 99*s + 687. What is v(41)?
-10
Let w(p) = -p**3 + 33*p**2 - 261*p - 48. Give w(14).
22
Let h(z) = 3*z**3 + 54*z**2 + 29*z + 28. What is h(-18)?
-494
Let j(t) = -89567*t + 89575. Determine j(1).
8
Let h(n) = 43*n**2 - 4075*n + 22875. Give h(6).
-27
Let w(z) = 21*z**2 - 1271*z - 17696. Calculate w(-14).
4214
Let q(b) = b**3 + 45*b**2 - 129*b + 100. Calculate q(2).
30
Let r(o) = 1264*o - 55569. What is r(44)?
47
Let d(q) = 2*q**2 + 415*q + 1833. What is d(-203)?
6
Let w(x) = -553460*x - 4427673. Give w(-8).
7
Let b(q) = q**3 + 37*q**2 + 250*q + 579. Calculate b(-29).
57
Let g(d) = -6*d**3 + 3892*d**2 + 1295*d + 1960. What is g(649)?
13
Let w(n) = 6*n**3 + 69*n**2 - 103*n + 166. Give w(-13).
-16
Let g(c) = 11171*c - 5339735. Calculate g(478).
3
Let m(y) = 42*y**2 + 1370*y - 10926. Determine m(8).
2722
Let n(j) = -2*j**3 - 391*j**2 - j + 37732. Determine n(-195).
-98
Let c(q) = 33311*q + 9493640. What is c(-285)?
5
Let x(j) = -j**2 - 86*j - 473. Calculate x(-12).
415
Let j(l) = -l**3 - 138*l**2 + 42*l + 4494. What is j(-138)?
-1302
Let n(c) = -512*c**3 - 44*c**2 - 95*c - 8. Calculate n(-2).
4102
Let h(n) = -208*n + 13413. Calculate h(67).
-523
Let i(j) = -j**3 - 14*j**2 + 3609*j + 4108. What is i(-67)?
222
Let c(b) = -2759*b + 157165. Give c(57).
-98
Let m(l) = -3*l**2 - 39*l - 97. Give m(-30).
-1627
Let p(x) = -1155*x + 73614. Determine p(64).
-306
Let g(w) = 73*w**3 + 798*w**2 - 54*w + 36. Give g(-11).
25
Let c(k) = 12*k**3 + 90*k**2 + 40*k + 5. Give c(-7).
19
Let w(y) = y**3 - 1696*y**2 + 27*y - 8. Determine w(0).
-8
Let m(v) = -v**3 - 4*v**2 + 7415*v + 37045. Determine m(-5).
-5
Let l(z) = 44*z - 1170. What is l(35)?
370
Let p(z) = -22*z**3 + 109*z**2 - 90*z + 480. What is p(5)?
5
Let d(n) = -3892*n + 46348. What is d(12)?
-356
Let a(o) = 6*o**2 + 1583*o + 17881. Give a(-252).
-11
Let h(m) = -m**2 - 1209*m + 284991. Calculate h(202).
-31
Let m(j) = -1255*j - 36430. Give m(-29).
-35
Let a(v) = -411*v + 20126. Determine a(50).
-424
Let z(x) = -x**3 + 4*x**2 + 45*x - 200. Determine z(4).
-20
Let m(z) = 2*z**3 + 215*z**2 - 543*z + 810. Determine m(-110).
40
Let h(c) = 2714*c + 895534. What is h(-330)?
-86
Let r(d) = 12*d**3 - 3*d + 212. Determine r(0).
212
Let t(g) = -20*g**2 - 1810*g + 12579. Give t(7).
-1071
Let o(c) = -2920*c + 324118. Give o(111).
-2
Let c(w) = -3*w**2 - 3041*w - 369143. What is c(-141)?
-5
Let l(s) = -2*s**3 + 576*s**2 + 1755*s - 2609. What is l(291)?
10
Let w(q) = -398*q - 49214. What is w(-125)?
536
Let b(u) = -2*u**3 - 38*u**2 + 62*u + 474. Determine b(-19).
-704
Let b(p) = -2279*p + 1030109. Determine b(452).
1
Let q(k) = -50*k**3 + 4*k**2 - 21*k - 11. Calculate q(3).
-1388
Let j(n) = 1259*n - 100787. Calculate j(80).
-67
Let k(q) = -549*q + 42241. What is k(77)?
-32
Let m(w) = 6*w**3 + 259*w**2 + 1104*w + 45622. Give m(-43).
-1
Let w(u) = -1341861*u - 12076760. Calculate w(-9).
-11
Let v(w) = 3*w**3 - 3743*w**2 + 2438*w + 69839. Give v(1247).
7
Let u(o) = -3*o**3 - 623*o**2 + 207*o - 1444. What is u(-208)?
-1236
Let c(l) = -7*l**2 - 41639*l - 249588. Calculate c(-6).
-6
Let g(b) = 56*b**2 + 3398*b + 5453. Give g(-59).
-93
Let z(d) = 98*d**2 + 2443*d - 36. Give z(-25).
139
Let l(k) = 23*k**2 - 286*k + 464. What is l(2)?
-16
Let w(t) = t**2 - 1656*t + 132031. Calculate w(84).
-17
Let q(s) = -12*s**2 + 448*s - 1686. Determine q(33).
30
Let c(w) = -116*w + 36879. Calculate c(320).
-241
Let t(k) = -5*k**3 + 4*k**2 + 8*k - 3. Determine t(-4).
349
Let f(z) = -416*z - 152279. Calculate f(-366).
-23
Let v(k) = k**3 - 183*k**2 - 61576*k + 2128. Calculate v(-173).
52
Let v(q) = 61*q - 9003. Give v(145).
-158
Let q(x) = 44*x - 4080. What is q(93)?
12
Let k(b) = 23156*b - 185253. What is k(8)?
-5
Let s(k) = -3873*k**2 + 15446*k + 192. Give s(4).
8
Let t(r) = 2*r**2 - 154*r - 2430. What is t(91)?
118
Let d(g) = 23513*g + 141082. Calculate d(-6).
4
Let f(u) = u**3 - 29*u**2 + 116*u - 259. Give f(25).
141
Let o(c) = 3*c**2 - 449*c - 2276. Give o(-5).
44
Let c(u) = 1082*u**2 - 29236*u + 628. Give c(27).
34
Let z(m) = 215*m**2 - 211*m + 593. Calculate z(4).
3189
Let m(i) = -6*i**2 - 5783*i + 75118. Give m(13).
-1075
Let k(v) = v**2 + 42*v + 1833. What is k(-27)?
1428
Let j(i) = 17738*i - 53181. Calculate j(3).
33
Let m(b) = -1127*b - 497023. Give m(-441).
-16
Let h(s) = 15*s**3 - 1812*s**2 + 1432*s + 897. What is h(120)?
-63
Let w(d) = d**3 + 158*d**2 - 4607*d - 26. Determine w(25).
-826
Let j(u) = -4*u**2 - 85*u - 388. Determine j(-9).
53
Let c(q) = 29*q**2 - 1595*q + 6426. Determine c(4).
510
Let f(z) = -z**3 + 204*z**2 - 10481*z + 7849. Give f(102).
-5
Let o(c) = 103*c - 9410. Give o(92).
66
Let b(i) = -i**3 - 719*i**2 + 1557*i + 82890. What is b(-721)